*n + 2*d. Let y(o) = o**2 + 9*o - 4. Let r be y(n). Give z(r).
-7
Let y(l) = -4 + 8 - 4 - 5*l. Let s(k) = -k + 16. Let r be s(17). Calculate y(r).
5
Let i(n) be the first derivative of -n**4/4 - n**2/2 - 7*n - 2. Let j be (-18)/(-36) - (-1)/(-2). Determine i(j).
-7
Let d(o) = 3*o**2 + 2*o. Suppose -2*u = u - 36. Suppose 0*y + 4*y - 3*j + 14 = 0, 2*y + u = 4*j. Calculate d(y).
8
Let i(p) = p**2 - p + 2. Let g be i(0). Let c(q) = q**3 + q**2 - q**g + 3*q**2 + 2. Let f = 174 - 177. Give c(f).
2
Let h(g) = 2*g**2 + g + 1. Let c be h(-2). Let l(k) be the first derivative of k**4/4 - 2*k**3 - 3*k**2 - 7*k - 36. Determine l(c).
0
Let w(q) = 2*q - 3. Let x = -22 - -25. Give w(x).
3
Let h(u) = u**3 - u**2 - u - 5. Let s = -2 + 5. Let n = s + -3. Give h(n).
-5
Let w(c) be the first derivative of 1/2*c**2 - 5/3*c**3 + 1 + 4*c - 1/4*c**4. Give w(-5).
-1
Suppose -2 = h - 5*h - 2*n, -h + 3*n = -18. Let q(b) = -b + 0 - b**h + 2*b**2 + 2*b + 3. What is q(3)?
-3
Suppose 2*h + 1 = 5. Suppose -3*f + h + 1 = 0. Let k(t) = 14*t**2 - 1. What is k(f)?
13
Let a(c) = c**3 - 9*c**2 - c + 13. Let f = -78 + 87. Give a(f).
4
Let x be 20/12 - 1/(-3). Let d(s) = 4 - s - 4 + 2 + x*s. Let f = -11 + 9. What is d(f)?
0
Let y(l) = l**3 + 3*l**2 - 2*l + 3. Let b be (7/14)/((-1)/(-10)). Suppose -i + a - 7 = 0, -b*a + 24 = -i + 5. What is y(i)?
-5
Let h(t) = t**2 + 3*t + 9. Let j(a) = -2*a**2 - 5*a - 13. Let s(d) = -7*h(d) - 5*j(d). Let n be -5*(10/15)/(5/3). What is s(n)?
6
Let i(j) be the third derivative of j**4/12 + j**3/2 - 9*j**2. Give i(-4).
-5
Suppose -o = -6*o - 20. Let f(v) = -v**3 - 4*v**2 - 5. Calculate f(o).
-5
Let v be ((-6)/9)/(2/(-9)). Let r(d) = d**3 - 3*d**2 + d - 3. Calculate r(v).
0
Let q(r) = -r**3 - 3*r**2 + 3*r - 6. Let f be q(-5). Suppose -3*a - 6 + f = -2*t, 2*a + 3*t + 2 = 0. Let l(g) = 2 - g**2 + 0*g + 4*g - 1. Determine l(a).
-4
Let t(k) = k**3 + 4*k**2 + k - 1. Let y = -2 - -13. Suppose 9 = -2*u - g, -3*u - y = -2*g - 1. Determine t(u).
-5
Let i(z) = 0 - 3 - z**2 - 3 + 5*z. Let d(k) be the third derivative of k**6/120 - k**5/10 - k**4/4 - k**3/2 + k**2. Let u be d(7). Determine i(u).
-2
Let x = 26 - 24. Let r(i) = -2*i**2 + x*i - 16 + i**2 + 17 + 0*i. Calculate r(2).
1
Suppose 0 = -2*v + 31 - 23. Let o(m) be the first derivative of 1/3*m**3 - 4 + 1/4*m**v - 1/2*m**2 + m. Give o(0).
1
Let i(j) = j - 3. Let f be i(6). Let d(h) be the third derivative of -1/6*h**f + 0*h + 0 - 1/12*h**4 - h**2. Calculate d(-2).
3
Suppose 2*r - 8 = -2. Suppose 14 - 2 = -r*g. Let i(v) = -2*v - 11 - 3*v + 3*v + 8. Calculate i(g).
5
Let f(h) = h. Let a(b) = -b. Let u be a(-8). Let n = u - 5. Let p(k) = k - 6. Let d(o) = n*f(o) - p(o). Calculate d(-5).
-4
Let n(l) = 5*l. Let p(b) = -6*b + 1. Let r(w) = -5*n(w) - 4*p(w). Determine r(-3).
-1
Suppose 0 = w + 3*w + 12. Let n(x) = 0 - x**2 + 5 - 5. Calculate n(w).
-9
Let t = 14 + -12. Let v(a) = -42*a**2 + 43*a**t + 4 + 8*a - 3*a. Give v(-4).
0
Let m(y) be the third derivative of -y**6/180 - y**5/120 - y**4/24 + y**3/2 - 3*y**2. Let n(v) be the first derivative of m(v). Determine n(-2).
-7
Let j(k) = -3*k + 0*k - 5 + k + 5*k. Let a(c) = -c**2 - 11*c - 20. Let g be a(-8). What is j(g)?
7
Let f(g) = g**3 + g**2 - g - 1. Let h(k) = 6*k**3 + 12*k**2 - 10. Suppose 3*s - v + 16 = 0, 4*v - 11 = 3*s + 8*v. Let m(t) = s*f(t) + h(t). Determine m(-6).
1
Let y(u) be the third derivative of 0*u + 1/3*u**3 + 1/60*u**5 + 0 - 3*u**2 - 3/8*u**4. Let d be y(9). Let h(s) = -3*s + 2. Calculate h(d).
-4
Let p = -5 + 1. Let y(w) be the third derivative of -1/60*w**5 + w**2 - 1/6*w**4 + 0*w**3 + 0 + 0*w. Give y(p).
0
Let o(i) = -i**2 + i + 1. Suppose -3*f = -16 + 1. Let y(q) = 6*q**2 + 2*q - 4. Let d(v) = f*o(v) + y(v). Give d(-6).
-5
Let w(a) = -3*a**3 - 9*a**2 + 7*a + 2. Let b(p) = -4*p**3 - 10*p**2 + 8*p + 2. Let m(u) = 4*b(u) - 5*w(u). Suppose 3 = -5*f + 23. What is m(f)?
2
Let d(h) = h - 6. Let r be d(12). Let x(n) = 4*n**3 - 8*n**2 - 9*n + 4. Let y(p) = -p**3 + p**2 + p - 1. Let c(z) = x(z) + 3*y(z). Determine c(r).
1
Let z(n) be the third derivative of n**6/120 + n**5/10 + n**4/24 + 5*n**3/6 - 6*n**2. What is z(-6)?
-1
Let k(y) = y**2 + 4*y - 2. Let w(j) = 2*j + 7. Let r be w(-6). Give k(r).
3
Let k(v) = 2*v**2 + v. Suppose 0 = 2*w + 17 - 11. What is k(w)?
15
Let n(r) be the third derivative of 0 + 1/30*r**5 + 0*r - 8*r**2 - 1/3*r**3 - 1/8*r**4. Calculate n(-2).
12
Let w(i) be the first derivative of -5*i**4/4 - 8*i**3/3 - 2*i**2 - 6. Let c(n) = -14*n**3 - 23*n**2 - 11*n + 1. Let r(m) = 4*c(m) - 11*w(m). Calculate r(-4).
4
Let j be (1/(-2)*0)/3. Let w be j/((-2)/4*-2). Let v(a) = a + 9. Calculate v(w).
9
Let r(a) = -2*a**2 + 5*a. Let t be r(4). Let n = t - -7. Let b(z) = -z**3 - 5*z**2 + 2*z + 7. Give b(n).
-3
Let r = 3 + -3. Let p(k) = -k**3 - k**2 + k + 7. Give p(r).
7
Let f(p) = -5*p + 8. Let i(z) = z. Let x(u) = -f(u) - 4*i(u). Give x(7).
-1
Let c = -7 - -8. Let j(y) = 4 + y - 1 + c. Let i be (-1 + -2)/(-2 - -1). Give j(i).
7
Let a be (16/10)/2*-10. Let j be (1 - 3) + (-24)/a. Let r(z) = -z + 1. Give r(j).
0
Let f(w) = 93*w - 180*w + 93*w - w**2 - 7. Give f(6).
-7
Let k(g) be the third derivative of 0 + 4*g**2 - 1/24*g**4 + 0*g + 0*g**3. Determine k(-4).
4
Let f(i) be the second derivative of i**3/6 + 2*i**2 + 8*i. Give f(0).
4
Let q(g) = g**2 - 8*g + 3. Let x be (7/(-21))/(1/(-15)). Give q(x).
-12
Let f = -196 + 192. Let k(v) = v**3 + 3*v**2 + 6*v + 6. Calculate k(f).
-34
Let h(v) = v**2 + 4*v + 1. Let o(a) = -5*a**2 - a + 1. Let q = 4 + 5. Let m be (-9)/(-6)*6/q. Let r be o(m). Give h(r).
6
Let z = 7 + -1. Let x(t) = 7*t + 4 - t**2 + 9 - 12. Calculate x(z).
7
Suppose 3*r - 5*c + 3 = -0*r, -r + 3*c - 5 = 0. Suppose 0 = 5*q - 6 - 4. Let u(m) = -m + q*m - r*m + 2. What is u(3)?
-7
Suppose -w - w - 2*y = 0, 3*w - 3*y - 12 = 0. Let x be -2 + (1 - w - -3). Let z(j) = j**3 + j**2 + j - 8. Give z(x).
-8
Let x(s) = 1. Let l(m) = 2*m + 2. Let r be ((-4)/3)/((-2)/3). Let v(d) = r*x(d) - l(d). Let z be (-7 + 4)*2/(-6). What is v(z)?
-2
Let y(g) = g**3 - 4*g**2 + g - 8. Suppose -a - 46 = -5*t + 3*a, -2*t = 4*a + 4. Let n(x) = -x**3 + 3*x**2 - x + 7. Let f(l) = t*y(l) + 7*n(l). Determine f(-2).
-1
Let k(i) be the third derivative of -i**5/60 - i**4/3 - 7*i**3/6 - 26*i**2. Give k(-8).
-7
Let z(d) be the second derivative of -d**6/720 - d**5/60 + d**4/12 - d. Let h(t) be the third derivative of z(t). Let n be ((-5)/(-3))/(2/6). Calculate h(n).
-7
Let y(a) = -a**2 - a. Let u(t) = t**3 - 12*t**2 + 10*t + 8. Let j be u(11). What is y(j)?
-6
Let z(d) = -d**2 + 4*d + 3. Let n be z(0). Let p(q) = q**3 - 2*q**2 + 4*q - 3. Calculate p(n).
18
Let y(x) = 3*x - 1. Suppose 0 = -c, 0*l - 2*c = l - 4. What is y(l)?
11
Suppose 0 = -p - 0*p + 5. Let s(i) = -i**3 + 5*i**2 + 2*i - 6. Calculate s(p).
4
Let m(a) = a**2 - a + 1. Let z(l) = -l**3 + 10*l**2 - 9*l + 4. Let t(n) = -2*m(n) + z(n). What is t(7)?
2
Let w(x) be the first derivative of x**2 + 9*x - 7. What is w(-6)?
-3
Let n(x) = -x**3 + 5*x**2 - 2*x + 1. Suppose 0 = -4*y - 70 + 18. Let s = -8 - y. Calculate n(s).
-9
Let v be ((-2)/4)/((-2)/8). Let b = 7 - v. Suppose -5*c + c = -l - 26, b*c + 5 = -5*l. Let x(w) = -w**2 - 4*w + 8. What is x(l)?
-4
Let q(u) = 2*u**2 + 3*u - 3. Let f = -6 + 4. Let y be f/((-1)/(14/4)). Suppose -4*o + y = 19. Give q(o).
6
Suppose -4*r - 22 = g, -3*g + r - 1 = -0*r. Let c = 0 + g. Let w(x) = -2*x**3 - 2*x**2 + 2*x. Calculate w(c).
4
Let u(m) = -2*m - 1. Suppose -2*p + 29 = y, -9 = 2*p - 4*p + 3*y. Let n be 3*4/p + -2. Give u(n).
1
Let k(t) = -5*t + 8. Let w(j) = -9*j + 16. Let y(m) = -11*k(m) + 6*w(m). What is y(7)?
15
Let j(u) = -u**3 + 4*u**2 + u + 1. Let y(f) = 2*f**2 + 14*f + 3. Let x be y(-7). Calculate j(x).
13
Suppose -4*x + 2*d = -9 - 3, 0 = 5*x - 3*d - 16. Let t(l) = 2*l - l**2 - 4*l**3 + x - l + 3*l**3 + 3*l**2. What is t(3)?
-4
Let h(d) be the third derivative of d**4/24 + d**2. Let n be 81/15 - (-18)/30. Suppose -3*m - m + 5*x = -9, 4*m - 2*x + n = 0. What is h(m)?
-4
Let v(s) = -2*s**3 + 1. Let y be v(-1). Let n(j) = -j + 2. Calculate n(y).
-1
Let f(d) = -d**3 + d**2. Let b be 4/18 - 61/(-9). Suppose b + 5 = 2*l. Suppose 0 = -5*t - 10, l = -g - 4*t - 0. Determine f(g).
-4
Suppose 0 = -16*k - 38 + 6. Let n(z) = 3*z - 2. What is n(k)?
-8
Let d be -6 - (0 + -3 + 2). Let q(h) = -